e the highest common factor of b and 72.
24
Let f(s) = 2*s**3 - 25*s**2 + 144*s + 15. Let a be f(13). What is the highest common divisor of a and 16?
8
Suppose 384 = -7*o + 55*o. Let r(j) = 10*j**2. Let b be r(1). Suppose -3*a = -202 + b. What is the highest common divisor of o and a?
8
Suppose -u = -6*d + 62, -7 = -4*d + 2*u + 29. Let z = 0 - -1. What is the greatest common factor of d and z?
1
Let z = 4804 + 593. Let p be z/18 + 13/78. What is the greatest common factor of 15 and p?
15
Let t be (9/(-12))/(-3) - 665/(-28). Let f be 35 + (-1)/(-3) + (-20)/6. Calculate the greatest common divisor of t and f.
8
Let v = 5443 + -5027. Calculate the greatest common divisor of v and 464.
16
Let g = -34494 + 37592. What is the greatest common divisor of 6 and g?
2
Let i be ((84/25)/(348/18270))/((-2)/(-5)). What is the greatest common factor of i and 117?
9
Let h(b) be the first derivative of -24*b**2 - 6*b + 5. Suppose -8*y + 18 = 58. Let s be h(y). Calculate the greatest common divisor of s and 26.
26
Suppose r = 6*z - 5*z + 5, 2*r = z + 10. Suppose 6*l + z*l - 3*l = 0. Suppose 65*y - 70*y + 40 = l. Calculate the highest common factor of 24 and y.
8
Let u be ((-1)/2)/(2/(-120)). Let c(p) = 31*p**2 - 11718*p + 11717. Let h be c(1). Calculate the greatest common divisor of h and u.
30
Let r(o) = 386*o - 1524. Let c be r(6). Calculate the highest common divisor of 252 and c.
36
Let v(n) = n**3 + 5*n**2 + 9*n + 17. Let j be v(-6). Let p = j - -65. Let r be -7*(-4 - (-2 - p)). Calculate the greatest common factor of r and 28.
14
Let b(a) = -3*a - 60. Let t be b(-18). Let u be (t + 2)/(-4 + 2/1). Calculate the greatest common divisor of 2 and u.
2
Suppose 3*p = -4*t + 21059, 27*t - 25*t + 2*p = 10528. Calculate the greatest common factor of 23 and t.
23
Suppose -402 - 246 = -9*q. Let u = -679 - -706. What is the greatest common factor of q and u?
9
Suppose -2*g + 51 = -127. Let i = 104 - g. Suppose -i = -9*r + 93. Calculate the greatest common divisor of r and 132.
12
Let z = 378 - 362. Let g be 132 - z/6*(-24)/(-16). What is the greatest common factor of g and 32?
32
Suppose 0 = -3*m + 4*i + 27, 4*m - i - 84 = -22. Suppose 0 = u - 49 - 2. What is the greatest common factor of u and m?
17
Let h be (-31)/124 - 114/(-8). Let t = -147 + 175. What is the greatest common divisor of h and t?
14
Let h = 4111 + -3561. Calculate the highest common factor of 176 and h.
22
Let o = -5940 + 7628. What is the greatest common factor of 24 and o?
8
Let w be (4/6)/((12 - 4)/(-72)) + 60. Calculate the highest common divisor of w and 3051.
27
Let b = 237 + 1840. Calculate the greatest common factor of 67 and b.
67
Suppose 134*f - 4 = 135*f. Let i be ((-18)/(-10))/(f/(-20)). Calculate the highest common factor of 117 and i.
9
Let y(a) = 2*a**2 + 8*a - 8. Let x be (-4)/10 - 99/15. Let c be y(x). Let q = -11 + c. Calculate the highest common divisor of 69 and q.
23
Let b be 2 + -2 - (1 + -4). Suppose b*y + 39 = 6*y. Let u(g) = -g**3 - 13*g**2 + 17*g - 104. Let d be u(-15). Calculate the highest common factor of y and d.
13
Let m = 7 + 63. Suppose -2*o - 2*g = -18, -9*o + 6*o + 28 = 2*g. What is the greatest common factor of m and o?
10
Let w(a) = a**3 + 12*a**2 - 12*a - 1. Suppose 65*k + 739 = 89. Let b be w(k). Calculate the highest common factor of 58 and b.
29
Let u = -3092 - -3098. Suppose -5*q + 1 = -4. Let s be (2 - -1 - 1) + q. What is the greatest common divisor of u and s?
3
Let k be 104*1/(-10)*-5. Let d = k + -9. Let f = -23 + d. Calculate the greatest common factor of f and 12.
4
Let k = 1703 - 1203. Let d be 6*(k/(-15))/(-2). What is the greatest common divisor of d and 20?
20
Let f(s) = 3*s**2 - 3269*s - 19702. Let m be f(-6). Let o = 36 - 4. Calculate the greatest common factor of o and m.
4
Suppose 12*k - 14*k + 546 = 0. Suppose 0 = 7*i + 35, -y + 32 = -19*i + 21*i. Calculate the greatest common factor of y and k.
21
Let s = 147 - 227. Let g = -52 - s. What is the highest common divisor of 21 and g?
7
Let n = 3537 + -3377. What is the greatest common factor of n and 35?
5
Suppose z - 17 + 0 = 0. Let a(s) = s**2 - 16*s + 5. Let p be a(z). Let o = -61 + 63. Calculate the greatest common factor of p and o.
2
Let l(z) = -19*z + 100*z**2 - 101*z**2 + 2 + 5 - 2. Let p be l(-17). What is the greatest common factor of p and 78?
39
Suppose 0 = -18*v - 153 + 1071. Let m be (-1378)/(-3) - (-12)/(-36). What is the highest common factor of m and v?
51
Suppose 4*p - 206 = 2*r - 638, 5*r - 432 = 4*p. Let i = p - -114. Let m = -21 + 51. Calculate the greatest common divisor of m and i.
6
Let s(a) = 2*a**3 - 99*a**2 + 60*a - 11. Let n be s(49). Calculate the highest common factor of 121 and n.
11
Let p = -186 + 338. Suppose -2*s = -t - 198, -38*s + 33*s + 5*t = -515. What is the highest common divisor of p and s?
19
Let j = -17 - -17. Suppose j*r - 4*t = r - 56, -2*r - 2*t + 130 = 0. Let f(q) = 17*q**2 + q + 1. Let m be f(-1). What is the highest common factor of r and m?
17
Let g = 8741 + -8633. What is the greatest common factor of g and 2106?
54
Suppose -5*q + 13 = -g, 0*g - 2*g = 5*q - 19. Suppose 12 = -g*k + 3*k. Suppose 53*m - 104*m = -46*m - 240. Calculate the greatest common divisor of m and k.
12
Let h = -303 + 319. Let z(u) = 2*u**2 - 7*u - 1. Let j be z(7). Calculate the highest common factor of j and h.
16
Let c be ((-4 - 12) + 13)*(1 - 15). Calculate the highest common divisor of c and 56.
14
Let p = -5151 - -5419. What is the greatest common divisor of p and 12?
4
Let d = -504 - -944. Suppose 3*o = -4*x + 108, o + x - 197 = -4*o. Calculate the highest common divisor of o and d.
40
Let g = 9010 + -9009. What is the greatest common factor of 65 and g?
1
Let d = -8 + 20. Suppose -5*x + 9*x - d = 0. Suppose 4*b + 5*v = 255, -189 = -x*b - 4*v + v. Calculate the highest common divisor of b and 24.
12
Suppose -161*s + 37276 = 5398. Let r be 2/(-8) + (-89)/(-4). Calculate the highest common factor of r and s.
22
Let g be ((-5)/((-5)/2))/((-4)/8). Let s be g/12 - -2 - (-32)/24. What is the highest common divisor of s and 51?
3
Let i be 104/((-120)/(-15)) + 817. What is the highest common factor of i and 10?
10
Suppose 0 = 3*b - 3*s + 9, 6*s = 5*s - 2. Let n be b/(-1 + 26/28). Calculate the greatest common divisor of n and 21.
7
Suppose -4*s - 4267 = -5*s + 2*q, 0 = 2*s - 5*q - 8530. Calculate the greatest common factor of s and 57.
57
Suppose 0 = -4*r - 12, 2*r = -n - 7 + 6. Suppose n*q - 72 = -q. Calculate the greatest common divisor of 28 and q.
4
Suppose -871*a + 870*a + 4*o = -1554, -2*a + 3108 = 2*o. What is the greatest common factor of a and 84?
42
Let d be (-9)/90*1204*5/(-2) + -3. Calculate the highest common factor of d and 8.
2
Let x = 17 - 7. Let y = x + -8. Let c be (51 + -43)/(4 + 0). What is the greatest common factor of c and y?
2
Let m(k) = -5*k + 5. Let r be -5 - ((10 - -2) + 5). Let n be m(r). Calculate the highest common factor of 138 and n.
23
Suppose -4*z = 5*s - 54, 4*z - 4 = -2*s + 68. Calculate the greatest common factor of z and 183.
3
Let l = -19553 - -33813. What is the highest common factor of l and 92?
92
Let m be (13/(-52))/(3/(-24)). Suppose -x = -m*i + 51, -14*x = -5*i - 11*x + 127. Calculate the highest common divisor of 39 and i.
13
Let h = -32953 - -34479. What is the greatest common divisor of 56 and h?
14
Suppose 5 = 2*x + 3. Let d be x/4 + -2 + (-91)/(-4). Suppose 0 = 4*j + 5*s - 132, 21 = j - s - d. Calculate the highest common divisor of 57 and j.
19
Let a(i) = -7 - 11*i**2 + 4256*i + 2*i**3 - 3 + 4254*i - 8513*i. Let s be a(6). Calculate the highest common factor of s and 200.
8
Suppose w = 4*j - 172, -j + 3*w = 4*j - 215. Suppose -412 = -5*z - 4*m, z - j = 4*m + 25. Calculate the highest common factor of z and 32.
16
Let x be 172 - 157 - (-6)/(-6). Let m(y) = -5*y + 1. Let j = -4 + 0. Let f be m(j). What is the highest common divisor of f and x?
7
Suppose 1959*o = 1958*o. Suppose d + 38 = 3*u, -4*u + 2*d = -o*d - 48. Calculate the highest common divisor of u and 28.
14
Let v(a) = a**2 + 40*a - 706. Let j be v(-89). What is the greatest common divisor of j and 85?
85
Let f be (1/2*-2)/(-1). Let r be (f/(-3))/((-1)/84). Suppose 38*q = r*q + 270. Calculate the highest common factor of q and 36.
9
Suppose 5*n - 1005 = -5*h, 3*n 